s of n.
11
Let l be (-10)/(-25) + 17/(-5). Let g be 2 - l*(-4)/(-6). List the prime factors of g - (-1 - 1 - 0).
2, 3
Let c(a) = -8*a**3 - 2*a**2 - a. Let f be c(-1). Let d(s) = -s + 1. Let b be d(5). Let n = f - b. List the prime factors of n.
11
Let t(u) = -u**2 - 4*u - 4. Let s be t(-4). Let r = 8 + s. What are the prime factors of r?
2
Suppose -2*i + 3*i = -3. What are the prime factors of i - (-32 + 4/2)?
3
Suppose c + 16 + 6 = 0. Let b = 53 + c. List the prime factors of b.
31
Let o(k) = -k**3 - 7*k**2 + 3*k + 8. Let g be o(-7). Let a = 25 + g. List the prime factors of a.
2, 3
List the prime factors of ((-120)/25)/(4/(-10)).
2, 3
Let l be -12*(6/(-2) - -4). Let v(d) = -13 + 9*d + 2*d**2 - d**2 - 3. List the prime factors of v(l).
2, 5
Suppose -90 = 7*y - 2*y. Let i(j) = 4*j - 33. Let z be i(15). Let n = z + y. List the prime factors of n.
3
Let k be 1*(0 - (-2 - -1)). Let h(r) = -k - 1 - 3*r + 1. List the prime factors of h(-4).
11
Let k = 3 + 0. Let m(y) = 2*y**3 + 1 - 2*y**2 + 0 - y**3. What are the prime factors of m(k)?
2, 5
Suppose -2*q = -7*q. Suppose -2*r = -q*r - 12. What are the prime factors of (4/r)/((-6)/(-99))?
11
Suppose -5*i + 652 + 569 = -2*t, -4*i + 4*t = -972. List the prime factors of i.
5, 7
Let c = 6 + 4. Suppose 5*a = l + l, -6 = -3*a. Suppose l*z - 27 = n - 4, z - c = 2*n. List the prime factors of z.
2
Let z = -18 + 30. List the prime factors of z + -3 + 3 + -2.
2, 5
Suppose n = 5*c + 16 + 52, 4*n + 5*c - 372 = 0. List the prime factors of n.
2, 11
Let g = 395 - 266. List the prime factors of g.
3, 43
Suppose -4*s - 2*s + 162 = 0. List the prime factors of s.
3
Let z(j) = 4*j**2 - 1. Let v be z(-1). Suppose v*b - 7 = 5. Suppose -2*k + b*p - 7*p + 14 = 0, -4*k - 4*p = -28. What are the prime factors of k?
7
Suppose -7*v + 6*v + 5 = 0. Suppose 56 = v*k - 104. List the prime factors of k.
2
Suppose -3*q = -7*q + 16. Suppose l = -q*a + 116, -62 = -3*a + 5*l + 2. What are the prime factors of a?
2, 7
Suppose 12 = 2*l - 5*l. Let t = -3 - l. Suppose t = -4*c - 3*j, j + 2 + 3 = c. What are the prime factors of c?
2
Let r(a) = 30 + 6*a**2 - 4*a**2 - 29 - 3*a. List the prime factors of r(2).
3
Suppose r - 10 = 34. List the prime factors of r.
2, 11
Suppose -2*w - b = -17 - 8, -5*w = 2*b - 62. Let v = w - 6. What are the prime factors of v?
2, 3
Let z be 0/(-1) + (2 - -1). Let c(q) = 2*q**2 - 3*q. List the prime factors of c(z).
3
Let c = 4 + 2. What are the prime factors of 1*8 + 0/c?
2
Suppose 3*f - f = 6. Let b = f - 18. Let w = 27 + b. List the prime factors of w.
2, 3
Let c be 8/3 - 3/(-9). Suppose 0 = -a + 4. Suppose 1 = -l + a*s - c, -4*s = -4*l + 32. What are the prime factors of l?
2, 3
Suppose 0 = 2*r - 1 - 3. Let k(x) = 2*x - 2. Let b be k(r). Suppose 0 = 3*w - 15, 3*v - b*w = -7*w + 43. What are the prime factors of v?
2, 3
Let q = -229 - -340. What are the prime factors of q?
3, 37
List the prime factors of 5/(-2)*1242/(-45).
3, 23
Let t = 5 - -4. Let s = t - 16. Let p(m) = -m**3 - 8*m**2 - 7*m + 5. What are the prime factors of p(s)?
5
Let f(l) = l**2 + l - 1. Let s be f(-1). Let u be -2 - s - (-4 - -1). Suppose 2*h + u*w - 20 = 0, 0 = 4*h - w - 19 - 6. What are the prime factors of h?
7
Let f be (2 + -2)*(-2)/(-4). Suppose f = -m - 2*m + 9. Suppose -3*q + 5*u = -4*q - 1, m*u = 2*q - 11. What are the prime factors of q?
2
Let c = 111 - 56. List the prime factors of c.
5, 11
Suppose -g - 8 = -0*g. Let z be (20/8)/(1/g). Let m = -14 - z. List the prime factors of m.
2, 3
Suppose 0 = -3*o - o - 112. What are the prime factors of -3*(0 - o/(-12))?
7
Suppose 0 = 5*x - 61 - 24. What are the prime factors of x?
17
Let z(m) = -m + 15. List the prime factors of z(11).
2
Suppose 9*z - 8*z = 112. What are the prime factors of z?
2, 7
Suppose -3*s + 8 = -l - 4*l, 5*s = 4*l + 9. Let q = -1 - l. Suppose 2*n - 44 = -4*j, n + q = 2. List the prime factors of j.
2, 5
Let v be ((-132)/10)/3*-5. Let i = 6 + v. List the prime factors of i.
2, 7
Let z(x) = -x - 4. Let a(d) = d - 6. Let b be a(0). What are the prime factors of z(b)?
2
Suppose -4*b = -2*s - 94 - 24, -180 = -5*b - 4*s. Suppose 4*m + 2*k - b = 0, 3*m + 2 = 2*k + 26. List the prime factors of m.
2
Let m = -21 - -36. What are the prime factors of m?
3, 5
Let r(j) = -j**3 + 8*j**2 - 6*j + 9. Suppose 5*w + g - 3*g = 22, -2*w = -3*g. Let a be r(w). Suppose -2*v - v = -a. List the prime factors of v.
3, 5
Let c be 1 - (-3)/(12/380). Suppose o + c = 5*o + 4*m, 2*o - 48 = 3*m. List the prime factors of o.
2, 3
Let q be (-2)/(3 - (-178)/(-58)). Suppose 0 = 3*d - q - 13. What are the prime factors of d?
2, 7
Let l = -41 + 24. Let x = 41 + l. Let h = x - 8. List the prime factors of h.
2
Suppose -9*h = -376 - 551. What are the prime factors of h?
103
Let m be ((-39)/(-9) + -3)*45. Suppose -m = s - 6*s. What are the prime factors of s?
2, 3
Let y(r) = 8*r - 3. Let o be y(2). Let p(t) = t**2 - 12*t + 10. List the prime factors of p(o).
23
Suppose 0*b + 3*b = 42. Let o = b - 5. What are the prime factors of o?
3
Let h = 74 + -39. List the prime factors of h.
5, 7
What are the prime factors of (-52)/((-4)/1) + -4?
3
Suppose u = 2, p - u - 9 = -4*u. Suppose 3*z - 3 = -z + p*f, -5*z + 2*f = -9. Suppose -2*o = 8, i = z*i + o. List the prime factors of i.
2
Let g(l) = 21*l - 2. List the prime factors of g(1).
19
Suppose -w = -5*w - z + 282, -5*w - z + 353 = 0. List the prime factors of w.
71
Suppose 2*s + 5*r = -9, -s + 2*r = -3*s - 6. Let f(l) = 3*l - 6. Let p be f(5). List the prime factors of ((-6)/p)/(s/36).
2, 3
Let r be 9*(2 - 16/6). Let j(b) = -19*b + 1. Let l be j(-1). Let s = l + r. List the prime factors of s.
2, 7
Let k = -15 + 47. List the prime factors of k.
2
List the prime factors of (0/2)/(-3) - (-124 - -3).
11
Let f be ((92*1)/(-2))/(-1). Let g be -18 + 1/((-3)/(-9)). What are the prime factors of f/10 + (-6)/g?
5
Suppose i - 3*p - 48 - 45 = 0, 5*i - 4*p = 487. What are the prime factors of i?
3, 11
Let v(d) = -2*d + 3*d - 2*d + d**2 - 9*d**3 + 1. Let u be v(1). What are the prime factors of (-15)/(-10)*u/(-3)?
2
Let v(j) = 4*j - 5. Let f be v(5). Let y = -12 - -34. Let d = y - f. List the prime factors of d.
7
What are the prime factors of (-2 - 4)/(-2) - -50?
53
Suppose 4*d - h - 13 = 2*h, 5*d + 2*h = 22. Let t = -153 + 233. Suppose t = d*r + r. List the prime factors of r.
2
Suppose 2*z - 2 = 4. Suppose 3*b + 2*m + 3*m = 43, -m + 35 = z*b. What are the prime factors of b - 2/(-1) - 2?
11
Let v = 29 + -20. Let y = 2 + v. What are the prime factors of y?
11
Let n = 8 + 12. What are the prime factors of n?
2, 5
Let j(a) = 2*a + 1. Suppose 0 = -7*k + 2*k + 25. What are the prime factors of j(k)?
11
Let z = 1 - 0. What are the prime factors of (-3 - z)/((-4)/18)?
2, 3
Suppose -4*w = -w + 5*n + 20, 0 = -2*n - 2. List the prime factors of (w/(-10))/((-1)/(-86)).
43
Suppose 2*d = 12 + 8. List the prime factors of d.
2, 5
Suppose 4*b + 3*l - 29 = 0, l + 11 = -5*b + 50. Suppose 2*z + p - 3 = 0, 2*z = 4*z + 4*p - 18. Let r = z + b. What are the prime factors of r?
7
Let p = -15 + 28. What are the prime factors of p?
13
Let c = 8 - 0. Let o be (20/6)/(c/12). Suppose 3*h - 6*h + 59 = 5*s, h = -o*s + 53. What are the prime factors of s?
2, 5
Let n = -124 + 210. What are the prime factors of n?
2, 43
Let t = 3 + 25. Suppose 5*s - t = -3. What are the prime factors of s?
5
Suppose -4*k - k + 62 = n, 4*k + 2*n - 52 = 0. Suppose 4*p + k = p. Let a = 14 + p. List the prime factors of a.
2, 5
Let l(n) = n**2 - 6*n + 10. What are the prime factors of l(-7)?
101
Let z(b) = b**3 + b. Let q(s) = -2*s**3 - 7*s**2 + s - 2. Let h(x) = -q(x) - 3*z(x). List the prime factors of h(6).
2, 7
Suppose 0 = 4*f + b - 0*b + 20, 2*b - 20 = 2*f. Let c be 18 - (1 - f/3). Suppose 24 = 3*r - c. What are the prime factors of r?
13
Let k = 14 + -30. Let u be k/(-1 + -1) + -2. List the prime factors of ((-14)/u)/(3/(-9)).
7
Suppose 0 = 5*q + n + 34 + 13, -3*q - n - 27 = 0. Let b = q + 24. List the prime factors of (-1)/(4/b)*-2.
7
Let k be (24/14)/((-6)/(-21)). Suppose -3*c = -k*c + 21. What are the prime factors of c?
7
Let d = -1 + 4. Let y be -20 - (-2)/d*3. What are the prime factors of (y/(-3) - 0) + 2?
2
Suppose 5*r - 464 = 136. List the prime factors of r.
2, 3, 5
Let j(u) = -55*u**3 - u**2 - 3*u - 